e the prime factors of 349688712?
2, 3, 14570363
List the prime factors of 2197646309.
12409, 177101
List the prime factors of 33236285.
5, 47, 233, 607
List the prime factors of 54164779.
29, 1867751
List the prime factors of 250050492.
2, 3, 1031, 6737
What are the prime factors of 6193975?
5, 247759
List the prime factors of 33221208.
2, 3, 89, 103, 151
What are the prime factors of 25278945?
3, 5, 421, 4003
What are the prime factors of 35767206?
2, 3, 1987067
List the prime factors of 262018371.
3, 151, 578407
What are the prime factors of 925777799?
925777799
What are the prime factors of 61197306?
2, 3, 10199551
List the prime factors of 527921743.
67, 2129, 3701
What are the prime factors of 154005465?
3, 5, 17, 173, 3491
List the prime factors of 50987330.
2, 5, 5098733
What are the prime factors of 71834895?
3, 5, 11, 145121
What are the prime factors of 6480880908?
2, 3, 29, 353, 52757
List the prime factors of 2994817021.
7, 61, 7013623
List the prime factors of 30930185.
5, 11, 13, 181, 239
What are the prime factors of 195105301?
29, 6727769
What are the prime factors of 191273807?
4649, 41143
List the prime factors of 31860072.
2, 3, 442501
List the prime factors of 204855194.
2, 509, 201233
List the prime factors of 95658164.
2, 7, 83, 41161
What are the prime factors of 62794906?
2, 17, 1846909
List the prime factors of 260859618.
2, 3, 14492201
List the prime factors of 46895391.
3, 37, 140827
What are the prime factors of 850874684?
2, 11, 17, 743, 1531
What are the prime factors of 192817899?
3, 2029, 10559
What are the prime factors of 7867798877?
593, 1567, 8467
List the prime factors of 75285242.
2, 37642621
List the prime factors of 251157612.
2, 3, 383, 54647
List the prime factors of 707700939.
3, 11, 17, 601, 2099
List the prime factors of 873078743.
83, 10519021
What are the prime factors of 13750313?
2417, 5689
What are the prime factors of 40910869?
967, 42307
List the prime factors of 55862031.
3, 31, 43, 61, 229
What are the prime factors of 163842152?
2, 20480269
What are the prime factors of 12003998?
2, 197, 30467
What are the prime factors of 39455463?
3, 13151821
List the prime factors of 87757874.
2, 419, 104723
What are the prime factors of 193638773?
3823, 50651
List the prime factors of 257630338.
2, 7, 317, 8293
List the prime factors of 244533676.
2, 41, 347, 4297
List the prime factors of 4242322671.
3, 1231, 1148747
List the prime factors of 79429334.
2, 39714667
What are the prime factors of 552969364?
2, 9721, 14221
What are the prime factors of 9045333?
3, 11, 91367
List the prime factors of 30098460.
2, 3, 5, 7, 71663
List the prime factors of 1071612363.
3, 16433, 21737
What are the prime factors of 1521351715?
5, 13, 103, 223, 1019
What are the prime factors of 260581857?
3, 71, 457, 2677
List the prime factors of 24380164.
2, 107, 56963
What are the prime factors of 1538243146?
2, 11, 7681, 9103
What are the prime factors of 1153387845?
3, 5, 883, 29027
List the prime factors of 70552070.
2, 5, 29, 211, 1153
What are the prime factors of 516669601?
7, 73809943
What are the prime factors of 23132646?
2, 3, 1285147
What are the prime factors of 266437011?
3, 307, 289291
List the prime factors of 520271021.
751, 692771
List the prime factors of 105993380.
2, 5, 5299669
List the prime factors of 397664783.
181, 2197043
What are the prime factors of 3428399764?
2, 53, 16171697
What are the prime factors of 166551777?
3, 7, 19, 61, 2281
What are the prime factors of 188116638?
2, 3, 31352773
List the prime factors of 923736301.
923736301
List the prime factors of 2150624.
2, 7, 9601
What are the prime factors of 23602163?
13, 23, 193, 409
List the prime factors of 129162373.
1279, 100987
What are the prime factors of 2899253393?
31, 1721, 1753
List the prime factors of 1056196699.
4831, 218629
What are the prime factors of 5672776185?
3, 5, 131, 962303
What are the prime factors of 51026012?
2, 61, 209123
List the prime factors of 5370563959.
17, 19, 1907, 8719
What are the prime factors of 3935964481?
149, 26415869
List the prime factors of 3002698145.
5, 461, 1302689
List the prime factors of 1003682452.
2, 250920613
List the prime factors of 134241223.
134241223
What are the prime factors of 557550555?
3, 5, 37170037
List the prime factors of 4754589.
3, 7, 226409
List the prime factors of 884423037.
3, 9257, 31847
List the prime factors of 467507204.
2, 1709, 68389
List the prime factors of 16077926.
2, 941, 8543
What are the prime factors of 19276771?
43, 67, 6691
What are the prime factors of 1584246712?
2, 9133, 21683
What are the prime factors of 27362541?
3, 1283, 7109
What are the prime factors of 384253987?
13, 1093, 27043
What are the prime factors of 1157118639?
3, 19, 20300327
List the prime factors of 2764666484.
2, 691166621
What are the prime factors of 1260467158?
2, 211, 2986889
List the prime factors of 30113564.
2, 13, 579107
What are the prime factors of 24257196?
2, 3, 673811
List the prime factors of 1001365459.
5003, 200153
What are the prime factors of 476122936?
2, 73, 815279
List the prime factors of 112546087.
112546087
What are the prime factors of 118001626?
2, 251, 313, 751
What are the prime factors of 149738032?
2, 67, 139681
What are the prime factors of 1891014037?
11, 7127, 24121
List the prime factors of 5910041.
5910041
What are the prime factors of 667090662?
2, 3, 7, 743, 21377
What are the prime factors of 752777?
17, 44281
List the prime factors of 839602161.
3, 93289129
What are the prime factors of 55586039?
17, 19, 172093
What are the prime factors of 90195051?
3, 4021, 7477
List the prime factors of 1567648642.
2, 7, 17, 719, 9161
List the prime factors of 97443439.
17, 5731967
What are the prime factors of 31639300?
2, 5, 7, 11, 587
List the prime factors of 16984706.
2, 593, 14321
List the prime factors of 2252929022.
2, 229, 2087, 2357
List the prime factors of 3518584065.
3, 5, 19, 29, 141907
List the prime factors of 601038624.
2, 3, 2113, 2963
What are the prime factors of 86494293?
3, 1663, 5779
What are the prime factors of 291603103?
11, 1051, 2293
What are the prime factors of 952868207?
17, 2963, 18917
List the prime factors of 880418387.
199, 4424213
List the prime factors of 349175441.
349175441
What are the prime factors of 9828882?
2, 3, 7, 78007
List the prime factors of 251595984.
2, 3, 5241583
What are the prime factors of 559170754?
2, 8867, 31531
List the prime factors of 40538381.
13, 19, 41, 4003
List the prime factors of 1446443915.
5, 7, 41326969
List the prime factors of 81537067.
29, 2811623
List the prime factors of 33121750.
2, 5, 19, 367
List the prime factors of 1096335673.
67, 139, 117721
List the prime factors of 4642286891.
11, 19, 22211899
What are the prime factors of 251195582?
2, 11, 2791, 4091
What are the prime factors of 3165066688?
2, 7, 7064881
What are the prime factors of 9739288?
2, 13, 37, 2531
List the prime factors of 346459319.
19, 79, 230819
List the prime factors of 358240806.
2, 3, 7, 11, 3191
List the prime factors of 7974863.
13, 613451
What are the prime factors of 374779108?
2, 11, 774337
List the prime factors of 5534588107.
5534588107
List the prime factors of 201405242.
2, 853, 118057
What are the prime factors of 569408396?
2, 1381, 103079
What are the prime factors of 14690730?
2, 3, 5, 489691
List the prime factors of 444102853.
59, 1823, 4129
List the prime factors of 425467091.
7, 29, 1013, 2069
What are the prime factors of 71285299?
2837, 25127
What are the prime factors of 118962170?
2, 5, 47, 127, 1993
What are the prime factors of 2051737047?
3, 41, 67, 9221
List the prime factors of 44589829.
109, 409081
List the prime factors of 262906725.
3, 5, 191, 18353
What are the prime factors of 3756456165?
3, 5, 7, 11, 127, 25609
What are the prime factors of 936560?
2, 5, 23, 509
List the prime factors of 33965700.
2, 3, 5, 43, 2633
List the prime factors of 5196614920.
2, 5, 7, 18559339
What are the prime factors of 396226153?
396226153
What are the prime factors of 40487790?
2, 3, 5, 7, 192799
List the prime factors of 41831175.
3, 5, 47, 11867
What are the prime factors of 406271144?
2, 50783893
What are the prime factors of 577236909?
3, 29, 41, 3947
What are the prime factors of 1